{"id":17,"date":"2022-12-22T18:34:53","date_gmt":"2022-12-22T17:34:53","guid":{"rendered":"http:\/\/spolokpreobnovudediny.sk\/?page_id=17"},"modified":"2022-12-22T22:50:23","modified_gmt":"2022-12-22T21:50:23","slug":"kluby-spod","status":"publish","type":"page","link":"http:\/\/spolokpreobnovudediny.sk\/?page_id=17","title":{"rendered":"KLUBY SPOD"},"content":{"rendered":"\n<div class=\"wp-block-image is-style-default\"><figure class=\"aligncenter size-medium is-resized\"><img loading=\"lazy\" src=\"http:\/\/spolokpreobnovudediny.sk\/wp-content\/uploads\/2022\/12\/Kluby-SPOD-300x169.jpg\" alt=\"\" class=\"wp-image-129\" width=\"467\" height=\"263\" srcset=\"http:\/\/spolokpreobnovudediny.sk\/wp-content\/uploads\/2022\/12\/Kluby-SPOD-300x169.jpg 300w, http:\/\/spolokpreobnovudediny.sk\/wp-content\/uploads\/2022\/12\/Kluby-SPOD-1024x576.jpg 1024w, http:\/\/spolokpreobnovudediny.sk\/wp-content\/uploads\/2022\/12\/Kluby-SPOD-768x432.jpg 768w, http:\/\/spolokpreobnovudediny.sk\/wp-content\/uploads\/2022\/12\/Kluby-SPOD-1536x864.jpg 1536w, http:\/\/spolokpreobnovudediny.sk\/wp-content\/uploads\/2022\/12\/Kluby-SPOD.jpg 1920w\" sizes=\"(max-width: 467px) 100vw, 467px\" \/><\/figure><\/div>\n\n\n\n<p class=\"has-text-align-center\">Klub SPOD je organiza\u010dnou \u0161trukt\u00farou Spolku pre obnovu&nbsp;&nbsp;dediny a&nbsp;jeho \u010dinnos\u0165 sa riad\u00ed pod\u013ea \u010d. V. Ods. F\/&nbsp;&nbsp;Stanov SPOD.<\/p>\n\n\n\n<p class=\"has-text-align-center\">V&nbsp;tomto obdob\u00ed je zalo\u017een\u00fd a&nbsp;vyv\u00edja akt\u00edvnu \u010dinnos\u0165&nbsp;&nbsp;KLUB SPOD Polomka, ktor\u00e9ho registr\u00e1cia je 12. febru\u00e1ra 2010. P\u00f4vodne vznikol ako SPOD Obecn\u00fd Klub \u2013Polomka so s\u00eddlom Kuku\u010d\u00ednova 3, 976 66 Polomka.<\/p>\n\n\n\n<p class=\"has-text-align-center\"><strong><span class=\"has-inline-color has-light-green-cyan-color\">KTO SME A \u010cO ROB\u00cdME<\/span><\/strong><br>Klub Spolku pre obnovu dediny Polomka je od 12.febru\u00e1ra 2010 akt\u00edvnym zdru\u017een\u00edm dobrovo\u013en\u00edkov, ktor\u00ed sa podie\u013eaj\u00fa na rozvoji a propag\u00e1cii mikroregi\u00f3nu Horehronie.<br>Na\u0161i 14 \u010dlenovia a aktivisti za ten \u010das vybudovali pam\u00e4tn\u00edk spisovate\u013eovi, politikovi a diplomatovi, rod\u00e1kovi z Polomky, Michalovi Chud\u00edkovi. Pri Z\u00e1kladnej \u0161kole v Polomke organizujeme kr\u00fa\u017eok Poznaj kr\u00e1sy svojej dediny. A pr\u00e1ve so \u017eiakmi, ktor\u00ed ho nav\u0161tevuj\u00fa, sme objavili rodn\u00fd dom svetozn\u00e1mej spisovate\u013eky a novin\u00e1rky Kl\u00e1ry Jarunkovej.<br>To bol za\u010diatok na\u0161ej novej aktivity, ktorej sa nepretr\u017eite venujeme u\u017e od roku 2017. Po\u010das n\u00e1\u0161ho viac ako p\u00e4\u0165ro\u010dn\u00e9ho \u00fasilia sa n\u00e1m podarilo \u010diasto\u010dne zrekon\u0161truova\u0165 dom v \u010cervenej Skale, miestnej \u010dasti \u0160umiaca, v ktorom pri\u0161la Kl\u00e1ra Jarunkov\u00e1 na svet. A u\u017e o p\u00e1r t\u00fd\u017ed\u0148ov, pri pr\u00edle\u017eitosti 100. v\u00fdro\u010dia narodenia, v \u0148om otvor\u00edme pam\u00e4tn\u00fa izbu tejto v\u00fdnimo\u010dnej osobnosti. Rod\u00e1\u010dka z Horehronia z\u00edskala za svoje diela najvy\u0161\u0161ie \u0161t\u00e1tne vyznamenania &#8211; Pribinov kr\u00ed\u017e 1. triedy a Rad \u013dudovita \u0160t\u00fara 1. triedy a mnoh\u00e9 zahrani\u010dn\u00e9 ocenenia. Jej tvorba podnietila odborn\u00fa obec, ktor\u00e1 ju nominovala na Nobelovu cenu za literat\u00faru. Jej knihy pre deti a ml\u00e1de\u017e boli prelo\u017een\u00e9 do 39 jazykov.<br>Okrem pam\u00e4tnej izby, pripravujeme v budove zriadenie mal\u00e9ho po\u0161tov\u00e9ho m\u00fazea. Rodi\u010dia Kl\u00e1ry Jarunkovej boli po\u0161tov\u00fdmi \u00faradn\u00edkmi a tak sa sna\u017e\u00edme o\u017eivi\u0165 atmosf\u00e9ru z roku 1922. Presne 28. apr\u00edla v tom roku sa za\u010dala \u017eivotn\u00e1 p\u00fa\u0165 Kl\u00e1ry Chud\u00edkovej, mal\u00e9ho diev\u010datka, \u017eia\u010dky, u\u010dite\u013eky, novin\u00e1rky a spisovate\u013eky, ktor\u00e1 oslovila mili\u00f3ny detsk\u00fdch s\u0155dc svojimi nezabudnute\u013en\u00fdmi pr\u00edbehmi.<br>Franti\u0161ek \u010eur\u010denka, podpredseda SPOD, predseda Klubu SPOD Polomka<\/p>\n\n\n\n<p class=\"has-text-align-center\"><strong><span class=\"has-inline-color has-light-green-cyan-color\">Z\u00c1KLADN\u00c9 \u010cINNOSTI KLUBU SPOD<\/span><\/strong><br>1\/ Uplat\u0148ovanie cie\u013eov Spolku pre obnovu dediny v obci, mikroregi\u00f3ne<br>2\/ Dodr\u017eiavanie stanov OZ SPOD<br>3\/ Spolupr\u00e1ca s verejn\u00fdm, ob\u010dianskym a s\u00fakromn\u00fdm sektorom pri<br>&#8211; zlep\u0161ovan\u00ed podmienok \u017eivota na dedine<br>&#8211; realiz\u00e1cii Programu obnovy dediny<br>4\/ Podporovanie aktiv\u00edt Spolku pre obnovu dediny \u2013 predsedn\u00edctva<br>5\/ Rozv\u00edjanie r\u00f4znych foriem osvety, vzdel\u00e1vania a propag\u00e1cie obnovy dediny<br>6\/ Organizovanie aktiv\u00edt a s\u00fa\u0165a\u017e\u00ed podnecuj\u00facich motiv\u00e1ciu ob\u010danov v POD<br>7\/ Podporovanie odborn\u00fdch \u010dinnosti a praktickej realiz\u00e1cie POD<br>&#8211; koncep\u010dn\u00e1 \u00faloha<br>&#8211; operat\u00edvna \u00faloha<br>8\/ P\u00f4sobenie na myslenie \u013eud\u00ed pre trvaloudr\u017eate\u013en\u00fd rozvoj (TUR)<br>&#8211; pom\u00e1ha\u0165 mobilizova\u0165 v\u0161etky zdroje vidieka<br>9\/ Pr\u00edprava \u201e Programu hospod\u00e1rskeho a soci\u00e1lneho rozvoja obce\u201c<br>&#8211; Ob\u010diansky princ\u00edp a verejno- s\u00fakromn\u00e9 partnerstvo v procese tvorby programov a pl\u00e1nov<br>10\/ Z\u00edskavanie a vyu\u017e\u00edvanie finan\u010dn\u00fdch podp\u00f4r (aj z E\u00da) na realiz\u00e1ciu cie\u013eov POD<br>11\/ Organizovanie pravidelnej sch\u00f4dzkovej a vn\u00fatornej spolo\u010denskej \u010dinnosti Klubu SPOD<br>12\/ \u010cinnos\u0165 Klubu SPOD nie je pre jedno volebn\u00e9 obdobie samospr\u00e1vnych org\u00e1nov obce.<\/p>\n\n\n\n<p class=\"has-text-align-center\">Prv\u00e9 vedenie Klubu bolo zaregistrovan\u00e9:&nbsp;<\/p>\n\n\n\n<p class=\"has-text-align-center\">predseda&nbsp;&nbsp;&nbsp;Ing. Igor Jankov, Komensk\u00e9ho 20&nbsp;Polomka<\/p>\n\n\n\n<p class=\"has-text-align-center\">Podpredseda: Franti\u0161ek \u010eur\u010denka<\/p>\n\n\n\n<p class=\"has-text-align-center\">Tajomn\u00edk: Katar\u00edna Mal\u010dekov\u00e1<\/p>\n\n\n\n<p class=\"has-text-align-center\">\u00a0Hospod\u00e1r: M\u00e1ria Pohan\u010dan\u00edkov\u00e1<\/p>\n\n\n\n<p class=\"has-text-align-center\">&nbsp;Kontroln\u00e1 komisia:&nbsp;&nbsp;&nbsp;Ing. Franti\u0161ek Oce\u013e,&nbsp;Mgr. M\u00e1ria Oce\u013eov\u00e1<\/p>\n\n\n\n<p class=\"has-text-align-center\">&nbsp;Registzra\u010dn\u00fd list podp\u00edsal Franti\u0161ek \u010eur\u010denka, predseda SPOD.<\/p>\n\n\n\n<p class=\"has-text-align-center\">V\u00a0tomto obdob\u00ed Klub SPOD Polomka m\u00e1 evidovan\u00fdch \u010dlenov a\u00a0predsedom Klubu je Franti\u0161ek \u010eur\u010denka, zakladate\u013e Klubu.<\/p>\n\n\n\n<p class=\"has-text-align-center\">Klub SPOD Polomka z&nbsp;iniciat\u00edvy Franti\u0161ka \u010eur\u010denku organizoval Kr\u00fa\u017eok&nbsp;&nbsp;na Z\u00e1kladnej \u0161kole v&nbsp;Polomke, ktor\u00fd mal za \u00falohu zapoji\u0165 \u017eiakov do \u010dinnost\u00ed Klubu a&nbsp;odovzd\u00e1va\u0165 mladej gener\u00e1ci\u00ed skusenost\u00ed a&nbsp;poznatky s&nbsp;Programu obnovy dediny a&nbsp;jeho z\u00e1merov. V&nbsp;r\u00e1mci tejto \u010dinnosti fotografovan\u00edm objektov, kor\u00e9 si zaslu\u017eia aj obecn\u00fa ochranu \u2013 pam\u00e4tihodnot\u00ed sme objavili rodn\u00fd dom svetovej spisovate\u013eky Kl\u00e1ry Jarunkovej v&nbsp;\u010cervenej Skale. Klub SPOD prijal \u00falohu dosta\u0165 objekt do n\u00e1jmu od vlasn\u00edka, ktor\u00fdm s\u00fa Lesy SR a&nbsp;obnovi\u0165 objekt, ktor\u00fd je naozaj rodn\u00fdm domom spisovate\u013eky.<\/p>\n\n\n\n<div class=\"wp-block-buttons alignfull is-content-justification-center\">\n<div class=\"wp-block-button\"><a class=\"wp-block-button__link has-light-green-cyan-background-color has-background\" href=\"http:\/\/spolokpreobnovudediny.sk\/wp-content\/uploads\/2022\/12\/ciele-1.pdf\" target=\"_blank\" rel=\"noreferrer noopener\">Z\u00e1kladn\u00e9 ciele<\/a><\/div>\n<\/div>\n\n\n\n<p><\/p>\n","protected":false},"excerpt":{"rendered":"<p>Klub SPOD je organiza\u010dnou \u0161trukt\u00farou Spolku pre obnovu&nbsp;&nbsp;dediny a&nbsp;jeho \u010dinnos\u0165 sa riad\u00ed pod\u013ea \u010d. V. Ods. F\/&nbsp;&nbsp;Stanov SPOD. V&nbsp;tomto obdob\u00ed je zalo\u017een\u00fd a&nbsp;vyv\u00edja akt\u00edvnu \u010dinnos\u0165&nbsp;&nbsp;KLUB SPOD Polomka, ktor\u00e9ho registr\u00e1cia je 12. febru\u00e1ra 2010. P\u00f4vodne vznikol ako SPOD Obecn\u00fd Klub \u2013Polomka<\/p>\n","protected":false},"author":1,"featured_media":0,"parent":0,"menu_order":0,"comment_status":"closed","ping_status":"closed","template":"","meta":{"_mi_skip_tracking":false},"_links":{"self":[{"href":"http:\/\/spolokpreobnovudediny.sk\/index.php?rest_route=\/wp\/v2\/pages\/17"}],"collection":[{"href":"http:\/\/spolokpreobnovudediny.sk\/index.php?rest_route=\/wp\/v2\/pages"}],"about":[{"href":"http:\/\/spolokpreobnovudediny.sk\/index.php?rest_route=\/wp\/v2\/types\/page"}],"author":[{"embeddable":true,"href":"http:\/\/spolokpreobnovudediny.sk\/index.php?rest_route=\/wp\/v2\/users\/1"}],"replies":[{"embeddable":true,"href":"http:\/\/spolokpreobnovudediny.sk\/index.php?rest_route=%2Fwp%2Fv2%2Fcomments&post=17"}],"version-history":[{"count":5,"href":"http:\/\/spolokpreobnovudediny.sk\/index.php?rest_route=\/wp\/v2\/pages\/17\/revisions"}],"predecessor-version":[{"id":139,"href":"http:\/\/spolokpreobnovudediny.sk\/index.php?rest_route=\/wp\/v2\/pages\/17\/revisions\/139"}],"wp:attachment":[{"href":"http:\/\/spolokpreobnovudediny.sk\/index.php?rest_route=%2Fwp%2Fv2%2Fmedia&parent=17"}],"curies":[{"name":"wp","href":"https:\/\/api.w.org\/{rel}","templated":true}]}}

<div class="wp-block-image is-style-default"><figure class="aligncenter size-medium is-resized"><img loading="lazy" src="http://spolokpreobnovudediny.sk/wp-content/uploads/2022/12/Kluby-SPOD-300x169.jpg" alt="" class="wp-image-129" width="467" height="263" srcset="http://spolokpreobnovudediny.sk/wp-content/uploads/2022/12/Kluby-SPOD-300x169.jpg 300w, http://spolokpreobnovudediny.sk/wp-content/uploads/2022/12/Kluby-SPOD-1024x576.jpg 1024w, http://spolokpreobnovudediny.sk/wp-content/uploads/2022/12/Kluby-SPOD-768x432.jpg 768w, http://spolokpreobnovudediny.sk/wp-content/uploads/2022/12/Kluby-SPOD-1536x864.jpg 1536w, http://spolokpreobnovudediny.sk/wp-content/uploads/2022/12/Kluby-SPOD.jpg 1920w" sizes="(max-width: 467px) 100vw, 467px" /></figure></div>



<p class="has-text-align-center">Klub SPOD je organizačnou štruktúrou Spolku pre obnovu&nbsp;&nbsp;dediny a&nbsp;jeho činnosť sa riadí podľa č. V. Ods. F/&nbsp;&nbsp;Stanov SPOD.</p>



<p class="has-text-align-center">V&nbsp;tomto období je založený a&nbsp;vyvíja aktívnu činnosť&nbsp;&nbsp;KLUB SPOD Polomka, ktorého registrácia je 12. februára 2010. Pôvodne vznikol ako SPOD Obecný Klub –Polomka so sídlom Kukučínova 3, 976 66 Polomka.</p>



<p class="has-text-align-center"><strong><span class="has-inline-color has-light-green-cyan-color">KTO SME A ČO ROBÍME</span></strong><br>Klub Spolku pre obnovu dediny Polomka je od 12.februára 2010 aktívnym združením dobrovoľníkov, ktorí sa podieľajú na rozvoji a propagácii mikroregiónu Horehronie.<br>Naši 14 členovia a aktivisti za ten čas vybudovali pamätník spisovateľovi, politikovi a diplomatovi, rodákovi z Polomky, Michalovi Chudíkovi. Pri Základnej škole v Polomke organizujeme krúžok Poznaj krásy svojej dediny. A práve so žiakmi, ktorí ho navštevujú, sme objavili rodný dom svetoznámej spisovateľky a novinárky Kláry Jarunkovej.<br>To bol začiatok našej novej aktivity, ktorej sa nepretržite venujeme už od roku 2017. Počas nášho viac ako päťročného úsilia sa nám podarilo čiastočne zrekonštruovať dom v Červenej Skale, miestnej časti Šumiaca, v ktorom prišla Klára Jarunková na svet. A už o pár týždňov, pri príležitosti 100. výročia narodenia, v ňom otvoríme pamätnú izbu tejto výnimočnej osobnosti. Rodáčka z Horehronia získala za svoje diela najvyššie štátne vyznamenania &#8211; Pribinov kríž 1. triedy a Rad Ľudovita Štúra 1. triedy a mnohé zahraničné ocenenia. Jej tvorba podnietila odbornú obec, ktorá ju nominovala na Nobelovu cenu za literatúru. Jej knihy pre deti a mládež boli preložené do 39 jazykov.<br>Okrem pamätnej izby, pripravujeme v budove zriadenie malého poštového múzea. Rodičia Kláry Jarunkovej boli poštovými úradníkmi a tak sa snažíme oživiť atmosféru z roku 1922. Presne 28. apríla v tom roku sa začala životná púť Kláry Chudíkovej, malého dievčatka, žiačky, učiteľky, novinárky a spisovateľky, ktorá oslovila milióny detských sŕdc svojimi nezabudnuteľnými príbehmi.<br>František Ďurčenka, podpredseda SPOD, predseda Klubu SPOD Polomka</p>



<p class="has-text-align-center"><strong><span class="has-inline-color has-light-green-cyan-color">ZÁKLADNÉ ČINNOSTI KLUBU SPOD</span></strong><br>1/ Uplatňovanie cieľov Spolku pre obnovu dediny v obci, mikroregióne<br>2/ Dodržiavanie stanov OZ SPOD<br>3/ Spolupráca s verejným, občianskym a súkromným sektorom pri<br>&#8211; zlepšovaní podmienok života na dedine<br>&#8211; realizácii Programu obnovy dediny<br>4/ Podporovanie aktivít Spolku pre obnovu dediny – predsedníctva<br>5/ Rozvíjanie rôznych foriem osvety, vzdelávania a propagácie obnovy dediny<br>6/ Organizovanie aktivít a súťaží podnecujúcich motiváciu občanov v POD<br>7/ Podporovanie odborných činnosti a praktickej realizácie POD<br>&#8211; koncepčná úloha<br>&#8211; operatívna úloha<br>8/ Pôsobenie na myslenie ľudí pre trvaloudržateľný rozvoj (TUR)<br>&#8211; pomáhať mobilizovať všetky zdroje vidieka<br>9/ Príprava „ Programu hospodárskeho a sociálneho rozvoja obce“<br>&#8211; Občiansky princíp a verejno- súkromné partnerstvo v procese tvorby programov a plánov<br>10/ Získavanie a využívanie finančných podpôr (aj z EÚ) na realizáciu cieľov POD<br>11/ Organizovanie pravidelnej schôdzkovej a vnútornej spoločenskej činnosti Klubu SPOD<br>12/ Činnosť Klubu SPOD nie je pre jedno volebné obdobie samosprávnych orgánov obce.</p>



<p class="has-text-align-center">Prvé vedenie Klubu bolo zaregistrované:&nbsp;</p>



<p class="has-text-align-center">predseda&nbsp;&nbsp;&nbsp;Ing. Igor Jankov, Komenského 20&nbsp;Polomka</p>



<p class="has-text-align-center">Podpredseda: František Ďurčenka</p>



<p class="has-text-align-center">Tajomník: Katarína Malčeková</p>



<p class="has-text-align-center"> Hospodár: Mária Pohančaníková</p>



<p class="has-text-align-center">&nbsp;Kontrolná komisia:&nbsp;&nbsp;&nbsp;Ing. František Oceľ,&nbsp;Mgr. Mária Oceľová</p>



<p class="has-text-align-center">&nbsp;Registzračný list podpísal František Ďurčenka, predseda SPOD.</p>



<p class="has-text-align-center">V tomto období Klub SPOD Polomka má evidovaných členov a predsedom Klubu je František Ďurčenka, zakladateľ Klubu.</p>



<p class="has-text-align-center">Klub SPOD Polomka z&nbsp;iniciatívy Františka Ďurčenku organizoval Krúžok&nbsp;&nbsp;na Základnej škole v&nbsp;Polomke, ktorý mal za úlohu zapojiť žiakov do činností Klubu a&nbsp;odovzdávať mladej generácií skuseností a&nbsp;poznatky s&nbsp;Programu obnovy dediny a&nbsp;jeho zámerov. V&nbsp;rámci tejto činnosti fotografovaním objektov, koré si zaslužia aj obecnú ochranu – pamätihodnotí sme objavili rodný dom svetovej spisovateľky Kláry Jarunkovej v&nbsp;Červenej Skale. Klub SPOD prijal úlohu dostať objekt do nájmu od vlasníka, ktorým sú Lesy SR a&nbsp;obnoviť objekt, ktorý je naozaj rodným domom spisovateľky.</p>



<div class="wp-block-buttons alignfull is-content-justification-center">
<div class="wp-block-button"><a class="wp-block-button__link has-light-green-cyan-background-color has-background" href="http://spolokpreobnovudediny.sk/wp-content/uploads/2022/12/ciele-1.pdf" target="_blank" rel="noreferrer noopener">Základné ciele</a></div>
</div>



<p></p>

<p>Klub SPOD je organizačnou štruktúrou Spolku pre obnovu&nbsp;&nbsp;dediny a&nbsp;jeho činnosť sa riadí podľa č. V. Ods. F/&nbsp;&nbsp;Stanov SPOD. V&nbsp;tomto období je založený a&nbsp;vyvíja aktívnu činnosť&nbsp;&nbsp;KLUB SPOD Polomka, ktorého registrácia je 12. februára 2010. Pôvodne vznikol ako SPOD Obecný Klub –Polomka</p>
